late the greatest common factor of 176 and x.
11
Let s = -15 + 22. Let h = s - 0. Suppose 0 = -2*c + 107 - 23. What is the highest common divisor of h and c?
7
Let l(i) = -i**2 + 40*i**3 + 12*i**3 + 3*i**2 - 3 + 0*i**2 - i. Let f be l(3). Suppose -f = -5*b - 436. What is the highest common factor of b and 28?
28
Suppose 102 = 2*v + v. Let h be (7 - 2)*v/5. Suppose -381*c + 261*c + 10200 = 0. What is the highest common factor of c and h?
17
Let d be (-330)/44*(2 + (-342)/15). Calculate the greatest common factor of d and 60.
12
Let f = 12 + -23. Let s(h) = h**3 + 11*h**2 - 7*h + 4. Let u be s(f). Calculate the greatest common divisor of 9 and u.
9
Let a(j) = 9*j**2 - 15*j - 14. Let q be a(3). What is the greatest common divisor of 1078 and q?
22
Let q be 2/(-10) - 9/(-45). Suppose a - 292 = -3*f, q = -2*a - 4 - 6. What is the highest common factor of 11 and f?
11
Suppose -13*c = -18*c + 80. Calculate the highest common divisor of 88 and c.
8
Suppose 3*h = 14 + 22. Let m be 2/13 + (-528)/52. Let n be 4/10 - 356/m. Calculate the highest common factor of h and n.
12
Suppose -280*r + 2*d = -283*r + 2122, 2801 = 4*r - 3*d. Calculate the highest common factor of 44 and r.
44
Suppose -4*n = n - 0*n. Suppose n = -10*m + 22*m - 1080. Calculate the highest common factor of m and 10.
10
Let k(g) = -g**3 - 3*g**2 - 2*g - 4. Let d be k(-3). Suppose j = -21 + 33. What is the greatest common factor of d and j?
2
Suppose -4*i - 4 = 0, 4*x - 2*i = 11 - 1. Suppose -l + 100 = 3*l - 4*p, 3*p - 60 = -x*l. Suppose 4 = 5*h - 41. What is the greatest common divisor of l and h?
9
Let g(r) = -r**3 - 2*r**2 + 4*r + 3. Let c be g(-3). Suppose -4*q - q + 50 = c. Let b = 75 - 65. What is the greatest common factor of q and b?
10
Suppose -3*v - v = 2*w - 294, 280 = 2*w - 3*v. Calculate the highest common factor of w and 44.
11
Let p be 590/(-6) - (-1 + 2/3). Let v = -85 - p. What is the highest common factor of 91 and v?
13
Let v be (364/(-65))/((3/5)/(-3)). Suppose -x - 19 = -2*b + 21, 2*b + 2*x = v. What is the greatest common factor of b and 6?
6
Let i be (4/(-3))/(3*(-2)/45). Calculate the greatest common divisor of i and 10.
10
Let l(r) = r + 7. Let a be l(-7). Suppose a = 5*t - t. Suppose t = n - 4 - 6. Calculate the greatest common divisor of 30 and n.
10
Suppose 2*p = 5*j + 85, -85 - 14 = -3*p - 2*j. Let y(t) = t**3 + 7*t**2 + 7. Let r be y(-7). Calculate the highest common divisor of r and p.
7
Let o be (-4 - -1)/(245/63 + -4). What is the greatest common factor of o and 999?
27
Let x = -53 - -46. Let l(z) = -z**3 - 4*z**2 + 20*z. Let c be l(x). Calculate the greatest common divisor of 70 and c.
7
Suppose 6*p = p + 35. Let y = -7 - p. Let x = -10 - y. What is the highest common divisor of 32 and x?
4
Suppose 4*x - 76 = 4*j, -3*x + 8*x = -4*j + 68. Let y = 3 - -1. Suppose 2*h + d - 14 = -d, -y*d + x = 3*h. Calculate the greatest common factor of h and 36.
12
Let l be 2 - (-1 + 1)*1. Let t = -116 + 114. Let k be t*(l - (-116)/(-8)). What is the highest common divisor of k and 10?
5
Suppose -14*x - 20*x + 306 = 0. What is the highest common divisor of 5 and x?
1
Suppose 7 = -2*z + 13. Suppose z*v = -7*a + 3*a + 21, 5*a - 27 = -3*v. Calculate the highest common factor of 24 and a.
6
Let t be (-3 - -1 - -1)*1. Let v(w) = 2*w - 3 - 2*w - 17*w + 4. Let a be v(t). What is the highest common divisor of 162 and a?
18
Let y = -7 - -24. Let h = 99 - -52. Suppose -2*i + 3*w = -h, 2*i - 4*w = -5*w + 131. What is the highest common factor of i and y?
17
Let w be 88/308 - (16516/7)/(-2). Calculate the highest common divisor of w and 20.
20
Let v(p) = -p + 1. Let z be v(-4). Let l(g) = 4*g - 1. Let k be l(z). Let b = 2669 + -2517. What is the greatest common divisor of b and k?
19
Let n(h) = -h**2 + 20*h + 17. Let k be n(19). Calculate the highest common divisor of k and 63.
9
Suppose -8*u = -6*u - 1160. Let i be (-4)/18 + u/180. Suppose i*v - 648 = a - 4*a, -3*v = -2*a + 432. Calculate the highest common factor of 24 and a.
24
Suppose -2*i = -5*i + 144. Suppose 0 = 12*w - 25*w + 1560. What is the highest common factor of w and i?
24
Let b(k) = -2*k**3 - 4*k**2 + 1. Let v be b(-4). Let c = 49 + -34. Let r = c + v. What is the greatest common factor of 20 and r?
20
Suppose -5*j + 62 = 4*s, -2 = 2*j - 2*s - 16. Suppose -2 - 16 = -r. Let k = r + 72. What is the greatest common factor of j and k?
10
Let p = -19 + 21. Suppose 0*l - p*l + 54 = 0. Suppose 0*b + 3*b - l = 0. Calculate the highest common factor of b and 9.
9
Let h be (-3)/(6/(-116)) - -2. Let t be 2*7 + 0 + 12 + -14. Calculate the highest common factor of h and t.
12
Let a(b) = -60*b + 5. Let y be a(-4). Let t(g) = g**2 - 4*g + 3. Let q be t(8). What is the highest common divisor of y and q?
35
Suppose -2 + 4 = -u. Let k be (-3 - u)/((-2)/84). Calculate the highest common factor of 3 and k.
3
Let u be 32/6*-9*(-1028)/6. Let a be (u/60)/8 + (-2)/15. What is the greatest common factor of 17 and a?
17
Let d be ((-220)/(-12))/((-5)/(-75) + 0). Calculate the greatest common divisor of 100 and d.
25
Suppose w - 36 = l, 0*w + 5*l = -2*w + 72. Let t = w + -15. What is the greatest common divisor of t and 168?
21
Suppose -5*j + 33 = -7. Suppose -5*h = -12 - 3. Suppose -5*z = h*z - 32. What is the greatest common factor of j and z?
4
Let c be 2/4 - (-36)/8. Suppose 7*w - 3*p - 1069 = 3*w, -799 = -3*w + 5*p. Suppose w - 28 = c*z. Calculate the highest common factor of 6 and z.
6
Let q be -8 - (1*2 - 1). Suppose 2*x = -3*x + 175. Let s = x - q. Calculate the highest common factor of s and 4.
4
Let j be -1 - -2 - ((2 - 0) + -14). Calculate the greatest common factor of j and 156.
13
Let l = 17 - 7. Let y(v) = -v**2 + 13*v + 30. Suppose -4*u + 38 = -14. Let m be y(u). What is the highest common divisor of m and l?
10
Let s(u) = 9*u - 8. Let j be s(5). Let q = j - 11. Suppose 0 = 5*t - 182 - 13. What is the highest common factor of q and t?
13
Suppose 1 = d, 0 = k - 8*d + 3*d. Let s = 20 + k. Let a(m) = -m**2 - 2*m + 225. Let t be a(0). What is the greatest common factor of t and s?
25
Suppose 4*f = -4, 4*r + 112 = 3*f + 455. What is the highest common factor of 238 and r?
17
Suppose -3*q + 137 = -535. Suppose 0 = 3*a + a - q. Let s be (-31)/(-6) + (-12)/72 + 2. Calculate the highest common factor of s and a.
7
Suppose 93*j - 125*j = -54400. What is the highest common factor of j and 204?
68
Let o = -528 - -574. Calculate the highest common factor of o and 207.
23
Suppose 2*u = -4*m + 36, -m - 3*m - 4*u = -36. Suppose -25*s = -27*s + 18. Calculate the highest common divisor of m and s.
9
Let h be ((-3)/(-2))/(33/(-88)) - -8. What is the greatest common factor of 82 and h?
2
Let f(l) = -10*l + 794. Let a be f(57). Calculate the highest common factor of 56 and a.
56
Let d be (-3)/2*-1*6. Suppose 0 = -2*r + i + 23 - d, -5*r = -2*i - 33. Suppose r*k - 4 = 6. What is the greatest common divisor of 1 and k?
1
Suppose -5*u + 8 = 3*a - 42, -4*u = 3*a - 52. Calculate the greatest common factor of a and 330.
10
Let s = 139 - 77. Suppose -2*x + 28 = -282. Calculate the highest common divisor of s and x.
31
Suppose -j - 2*j + 184 = -5*o, -3*o + 3 = 0. Suppose -l - 2*c = -12, c = -l + 1 + 12. What is the greatest common divisor of l and j?
7
Suppose -4*o + 139 = -149. What is the highest common factor of o and 90?
18
Let f be 1/(-2) + (-258)/(-12). Suppose 2*x + 2*v = -v - f, 26 = -2*x - 4*v. Let b be (-140)/3*(0 + x). Calculate the greatest common divisor of 56 and b.
28
Let o(c) = -c**2 - 6*c + 4. Let w be o(-7). Let r be 2/(-3) + (-269)/w. Suppose -5*q + 364 = r. What is the greatest common factor of q and 22?
11
Let d(n) = 34*n - 64. Let a be d(9). Calculate the highest common factor of a and 22.
22
Let r be (-25)/((-375)/(-216))*-10. What is the greatest common divisor of r and 1008?
144
Let t(d) = -d**2 - d**3 + 5*d**2 + 0*d**2 + d + 5. Let h be t(4). Calculate the highest common divisor of 6 and h.
3
Let c be 46/(-207) - 148/(-18). Suppose -148 = -5*u + 2*t, 5*t = -u - 0*t + c. Calculate the highest common divisor of 4 and u.
4
Let i be ((-66)/1)/(-6) - 7. Let x(y) = -y**3 - 5*y**2 - 3*y + 5. Let v be x(-5). What is the greatest common divisor of i and v?
4
Let h(k) = 9*k**3 - 2*k**2 - 2*k + 3. Suppose 3*p - 3 = 3. Let q be h(p). What is th